{"id":11351,"date":"2019-05-20T16:15:20","date_gmt":"2019-05-20T21:15:20","guid":{"rendered":"https:\/\/colnuevagranada.edu.co\/web\/?page_id=11351"},"modified":"2023-04-04T14:59:13","modified_gmt":"2023-04-04T19:59:13","slug":"nuestra-institucion","status":"publish","type":"page","link":"https:\/\/colnuevagranada.edu.co\/web\/nuestra-institucion\/","title":{"rendered":"Nuestra Instituci\u00f3n"},"content":{"rendered":"<div class=\"wpb-content-wrapper\"><p>[vc_row][vc_column]\n\t\t\t<!-- START homepage1 REVOLUTION SLIDER 6.7.15 --><p class=\"rs-p-wp-fix\"><\/p>\n\t\t\t<rs-module-wrap id=\"rev_slider_3_1_wrapper\" data-source=\"gallery\" style=\"visibility:hidden;background:transparent;padding:0;\">\n\t\t\t\t<rs-module id=\"rev_slider_3_1\" style=\"\" data-version=\"6.7.15\">\n\t\t\t\t\t<rs-slides style=\"overflow: hidden; position: absolute;\">\n\t\t\t\t\t\t<rs-slide style=\"position: absolute;\" data-key=\"rs-29\" data-title=\"Slide\" data-in=\"o:1;x:100%;\" data-out=\"a:false;\">\n\t\t\t\t\t\t\t<img decoding=\"async\" src=\"\/\/colnuevagranada.edu.co\/web\/wp-content\/plugins\/revslider\/sr6\/assets\/assets\/dummy.png\" alt=\"\" title=\"2 (3)\" width=\"2560\" height=\"1707\" class=\"rev-slidebg tp-rs-img rs-lazyload\" data-lazyload=\"\/\/colnuevagranada.edu.co\/web\/wp-content\/uploads\/2023\/03\/2-3-scaled.jpg\" data-bg=\"f:40% 100%;\" data-parallax=\"off\" data-no-retina>\n<!---->\t\t\t\t\t<\/rs-slide>\n\t\t\t\t\t<\/rs-slides>\n\t\t\t\t<\/rs-module>\n\t\t\t\t<script>\n\t\t\t\t\tsetREVStartSize({c: 'rev_slider_3_1',rl:[1240,1024,778,480],el:[600,500,400,300],gw:[1325,1140,768,480],gh:[600,500,400,300],type:'standard',justify:'',layout:'fullscreen',offsetContainer:'.site-header',offset:'',mh:\"400\"});if (window.RS_MODULES!==undefined && window.RS_MODULES.modules!==undefined && window.RS_MODULES.modules[\"revslider31\"]!==undefined) {window.RS_MODULES.modules[\"revslider31\"].once = false;window.revapi3 = undefined;if (window.RS_MODULES.checkMinimal!==undefined) window.RS_MODULES.checkMinimal()}\n\t\t\t\t<\/script>\n\t\t\t<\/rs-module-wrap>\n\t\t\t<!-- END REVOLUTION SLIDER -->\n[\/vc_column][\/vc_row][vc_row][vc_column width=\u00bb1\/2&#8243;][vc_column_text css_animation=\u00bbslideInDown\u00bb]<\/p>\n<h3 class=\"thim-text-title\">Misi\u00f3n<\/h3>\n<h4><em>El Centro Educativo Corporaci\u00f3n Nueva Granada, de car\u00e1cter privado desarrolla el servicio educativo con el fin de responder a las necesidades de ni\u00f1os y ni\u00f1as de la Urbanizaci\u00f3n Garc\u00eda Herreros y sus barrios vecinos. Con amor y respeto para generar un aprendizaje como base para el desempe\u00f1o de sus procesos formativos.<\/em><\/h4>\n<p>[\/vc_column_text][\/vc_column][vc_column width=\u00bb1\/2&#8243;][vc_column_text css_animation=\u00bbslideInDown\u00bb]<\/p>\n<h3 class=\"thim-text-title\">Visi\u00f3n<\/h3>\n<h4><em>El Centro Educativo Corporaci\u00f3n Nueva Granada, ser\u00e1 una instituci\u00f3n reconocida para la comunidad en la consecuci\u00f3n de los logros en la orientaci\u00f3n de los procesos educativos, manteniendo un alto nivel de los aspectos b\u00e1sicos para formar un ser integral en conocimientos y valores.<\/em><\/h4>\n<p>[\/vc_column_text][\/vc_column][\/vc_row][vc_row][vc_column][vc_column_text css_animation=\u00bbfadeInDown\u00bb]<\/p>\n<h3 class=\"thim-text-title\">Filosof\u00eda<\/h3>\n<h4><em>Somos una Instituci\u00f3n que labora para la formaci\u00f3n integral de sus educandos, prepar\u00e1ndolos para una sociedad moderna dentro del marco de igualdad, que los llevan a formar un pensamiento critico, reflexivo y creativo, orientado al mejoramiento cultural de la calidad de vida en su comunidad ya que proponemos un ser que ligado al hacer pueda tener los conocimientos y la riqueza espiritual, mental y material.<\/em><\/h4>\n<p>[\/vc_column_text][\/vc_column][\/vc_row][vc_row][vc_column]<div class=\"thim-widget-heading template-base\"><div class=\"sc_heading  \"><h3 class=\"title\">S\u00edmbolos Institucionales<\/h3><\/div><\/div>[\/vc_column][\/vc_row][vc_row][vc_column width=\u00bb1\/4&#8243;]<div class=\"thim-widget-image-box template-image-box\">\n\t<div class=\"thim-image-box layout-base\">\n\t\t<img loading=\"lazy\" decoding=\"async\" src=\"https:\/\/colnuevagranada.edu.co\/web\/wp-content\/uploads\/2019\/05\/Captura-de-Pantalla-2019-05-20-a-las-2.53.30-p.-m..png\" alt=\"Captura de Pantalla 2019-05-20 a la(s) 2.53.30 p. m.\" title=\"Captura de Pantalla 2019-05-20 a la(s) 2.53.30 p. m.\"  width=\"612\" height=\"624\">\t\t<div class=\"title\">\n\t\t\t<h3><\/h3>\n\t\t<\/div>\n\t<\/div>\n<\/div>[\/vc_column][vc_column width=\u00bb1\/6&#8243;][\/vc_column][vc_column width=\u00bb1\/2&#8243;][vc_column_text]<\/p>\n<h3 class=\"thim-text-title\">Escudo<\/h3>\n<p>El escudo representa la distinci\u00f3n de la corporaci\u00f3n.<\/p>\n<p>Est\u00e1 compuesto por l\u00edneas gruesas que significan Fuerza, energ\u00eda, impacto de nuestra corporaci\u00f3n CORNUGRA. El soporte material tiene forma de semi-ovalada, con los \u00e1ngulos inferiores redondeados.<\/p>\n<p>[\/vc_column_text][\/vc_column][\/vc_row][vc_row][vc_column][vc_column_text]<\/p>\n<h3 class=\"thim-text-title\">Organizaci\u00f3n del Escudo<\/h3>\n<p>En la parte interior residen los elementos m\u00e1s significativos para la corporaci\u00f3n, la antorcha y un libro abierto que constituyen la responsabilidad, calidad y excelencia.<\/p>\n<p><strong>La antorcha:<\/strong> en su color amarillo es s\u00edmbolo de triunfo y de gloria para un ser pensante con una luz que ilumina su camino y su formaci\u00f3n.<\/p>\n<p><strong>El libro simboliza:<\/strong> La sabidur\u00eda, las ilusiones, los pensamientos que nos instruyen. Es el instrumento liberador porque nos proporciona los medios para lograr la responsabilidad, calidad y excelencia.<\/p>\n<p>La parte inferior del escudo es el lugar donde se plasma nuestros ideales eso encontramos representados con los colores verde, blanco y amarillo.<\/p>\n<p><strong>El color verde simboliza:<\/strong> La esperanza, la fe y la confianza que la Corporaci\u00f3n tiene en sus j\u00f3venes; es equilibrio, armon\u00eda y estabilidad para alcanzar el cumplimiento de las metas propuestas.<\/p>\n<p><strong>El color blanco simboliza: <\/strong>la pureza, la paz, la armon\u00eda, y la transparencia que debe acompa\u00f1ar nuestras acciones.<\/p>\n<p><strong>El color amarillo simboliza: <\/strong>la luz que representa la alegr\u00eda, la felicidad, la inteligencia y la energ\u00eda que estimula a los estudiantes, en la reflexi\u00f3n sobre sus propias manifestaciones, responsabilidades, y deseos.[\/vc_column_text][\/vc_column][\/vc_row][vc_row][vc_column][vc_separator][\/vc_column][\/vc_row][vc_row][vc_column width=\u00bb1\/4&#8243;]<div class=\"thim-widget-image-box template-image-box\">\n\t<div class=\"thim-image-box layout-base\">\n\t\t<img loading=\"lazy\" decoding=\"async\" src=\"https:\/\/colnuevagranada.edu.co\/web\/wp-content\/uploads\/2019\/05\/Captura-de-Pantalla-2019-05-20-a-las-3.04.43-p.-m..png\" alt=\"Captura de Pantalla 2019-05-20 a la(s) 3.04.43 p. m.\" title=\"Captura de Pantalla 2019-05-20 a la(s) 3.04.43 p. m.\"  width=\"770\" height=\"458\">\t\t<div class=\"title\">\n\t\t\t<h3><\/h3>\n\t\t<\/div>\n\t<\/div>\n<\/div>[\/vc_column][vc_column width=\u00bb1\/6&#8243;][\/vc_column][vc_column width=\u00bb1\/2&#8243;][vc_column_text]<\/p>\n<h3 class=\"thim-text-title\">La Bandera<\/h3>\n<p>Es uno de los s\u00edmbolos representativos de la Corporaci\u00f3n.<\/p>\n<p>Tiene forma rectangular est\u00e1 compuesta por tres franjas de igual tama\u00f1o. Dos franjas de color verde en los lados que ocupa un sesenta y seis por ciento (66%); y una franja de color blanco en el centro.<\/p>\n<p><b>El color verde <\/b>simboliza la vitalidad, la esperanza, el respeto y la calidad.<\/p>\n<p><strong>El color blanco<\/strong> simboliza la pureza, la paz, la armon\u00eda, y la transparencia que debe acompa\u00f1ar nuestras acciones.<\/p>\n<p>Lleva en <strong>el centro el escudo fijado<\/strong>, sobre la franja blanca que hace honor a la distinci\u00f3n de la corporaci\u00f3n.[\/vc_column_text][\/vc_column][\/vc_row][vc_row full_width=\u00bbstretch_row_content_no_spaces\u00bb css=\u00bb.vc_custom_1558391542491{background-color: #86d6a9 !important;}\u00bb][vc_column]<div class=\"thim-widget-heading template-base\"><div class=\"sc_heading  text-center\"><h3 class=\"title\">Himno Institucional<\/h3><span class=\"line\"><\/span><\/div><\/div>[\/vc_column][vc_column width=\u00bb1\/6&#8243;][\/vc_column][vc_column width=\u00bb1\/4&#8243;]<div class=\"thim-widget-heading template-base\"><div class=\"sc_heading  text-center\"><h3 class=\"title\">CORO<\/h3><span class=\"line\"><\/span><\/div><\/div>[vc_column_text]<\/p>\n<p style=\"text-align: center;\">Mi Cornugra es la casa el hogar<br \/>\nEs sendero de luz y de paz<br \/>\nMi Cornugra es la puerta ideal<br \/>\nQue me lleva a la vida triunfar.(bis)<\/p>\n<p>[\/vc_column_text]<div class=\"thim-widget-heading template-base\"><div class=\"sc_heading  text-center\"><h3 class=\"title\">III<\/h3><span class=\"line\"><\/span><\/div><\/div>[vc_column_text]<\/p>\n<p style=\"text-align: center;\">Entonemos el himno al saber<br \/>\nPues ya somos la Corporaci\u00f3n<br \/>\nUn ejemplo de amor y de uni\u00f3n<br \/>\nQue nos lleva a la gran formaci\u00f3n.<\/p>\n<p>[\/vc_column_text][\/vc_column][vc_column width=\u00bb1\/4&#8243;]<div class=\"thim-widget-heading template-base\"><div class=\"sc_heading  text-center\"><h3 class=\"title\">I<\/h3><span class=\"line\"><\/span><\/div><\/div>[vc_column_text]<\/p>\n<p style=\"text-align: center;\">Con amor solidez e inter\u00e9s<br \/>\nConstruiremos la fe y el saber<br \/>\nLucharemos con mucho fervor<br \/>\nPara ser cada d\u00eda mejor.<\/p>\n<p>[\/vc_column_text][\/vc_column][vc_column width=\u00bb1\/4&#8243;]<div class=\"thim-widget-heading template-base\"><div class=\"sc_heading  text-center\"><h3 class=\"title\">II<\/h3><span class=\"line\"><\/span><\/div><\/div>[vc_column_text]<\/p>\n<p style=\"text-align: center;\">Trabajemos con mucha alegr\u00eda<br \/>\nY busquemos la sabidur\u00eda,<br \/>\nCon la ayuda de nuestro se\u00f1or<br \/>\nLograremos obtener lo mejor.<\/p>\n<p>[\/vc_column_text][\/vc_column][\/vc_row][vc_row][vc_column][vc_btn title=\u00bbMANUAL DE CONVIVENCIA\u00bb style=\u00bb3d\u00bb color=\u00bbsuccess\u00bb css_animation=\u00bbbounceIn\u00bb link=\u00bburl:https%3A%2F%2Fcolnuevagranada.edu.co%2Fweb%2Fmanual-de-convivencia%2F|title:MANUAL%20DE%20CONVIVENCIA\u00bb][\/vc_column][\/vc_row][vc_section][\/vc_section]<\/p>\n<\/div>","protected":false},"excerpt":{"rendered":"<p>[vc_row][vc_column][\/vc_column][\/vc_row][vc_row][vc_column width=\u00bb1\/2&#8243;][vc_column_text css_animation=\u00bbslideInDown\u00bb] Misi\u00f3n El Centro Educativo Corporaci\u00f3n Nueva Granada, de car\u00e1cter privado desarrolla el servicio educativo con el fin de responder a las necesidades de ni\u00f1os y ni\u00f1as de la Urbanizaci\u00f3n Garc\u00eda Herreros y sus barrios vecinos. Con amor &hellip; <\/p>\n","protected":false},"author":1,"featured_media":0,"parent":0,"menu_order":0,"comment_status":"closed","ping_status":"closed","template":"","meta":{"footnotes":""},"class_list":["post-11351","page","type-page","status-publish","hentry"],"_links":{"self":[{"href":"https:\/\/colnuevagranada.edu.co\/web\/wp-json\/wp\/v2\/pages\/11351","targetHints":{"allow":["GET"]}}],"collection":[{"href":"https:\/\/colnuevagranada.edu.co\/web\/wp-json\/wp\/v2\/pages"}],"about":[{"href":"https:\/\/colnuevagranada.edu.co\/web\/wp-json\/wp\/v2\/types\/page"}],"author":[{"embeddable":true,"href":"https:\/\/colnuevagranada.edu.co\/web\/wp-json\/wp\/v2\/users\/1"}],"replies":[{"embeddable":true,"href":"https:\/\/colnuevagranada.edu.co\/web\/wp-json\/wp\/v2\/comments?post=11351"}],"version-history":[{"count":14,"href":"https:\/\/colnuevagranada.edu.co\/web\/wp-json\/wp\/v2\/pages\/11351\/revisions"}],"predecessor-version":[{"id":12121,"href":"https:\/\/colnuevagranada.edu.co\/web\/wp-json\/wp\/v2\/pages\/11351\/revisions\/12121"}],"wp:attachment":[{"href":"https:\/\/colnuevagranada.edu.co\/web\/wp-json\/wp\/v2\/media?parent=11351"}],"curies":[{"name":"wp","href":"https:\/\/api.w.org\/{rel}","templated":true}]}}